n - 9. What is the remainder when b(-1) is divided by s(-8)?
11
Suppose -w - 5 = -6*w. Let q(j) = j**2 - 22*j - 41. Calculate the remainder when q(26) is divided by (w/(-3))/((-1)/39).
11
Suppose -4*l + 53 = 3*n, 3*l + 6 - 32 = -n. Suppose 10*r = 11*r - n. Calculate the remainder when 31 is divided by r.
9
Let q(j) = -2*j - 3. Suppose 0 = 6*g + 25 + 5. Calculate the remainder when q(g) is divided by (10/4)/(1/2).
2
Let m(v) = 7*v - 4. Let f = -10 + 23. Calculate the remainder when m(4) is divided by f.
11
Suppose -5*d = 3*z - 123, 2*z = -0*z + 2. What is the remainder when 573 is divided by d?
21
Suppose -y - 456 = -3*y. Suppose 2*u - 126 = -5*s + 146, y = 4*s - u. Calculate the remainder when s is divided by 29.
27
Suppose 5*h = h + 180. Suppose -2*d = d - h. Suppose 2*a = -w - 3*w + 20, -d = -w - 3*a. What is the remainder when w is divided by 2?
1
What is the remainder when -4 + ((-15)/10)/((-5)/130) is divided by 5?
0
Let b = 16 - 14. Suppose 0 = -5*v - b*i + i + 403, 75 = v + 3*i. Let m = v + -40. What is the remainder when m is divided by 11?
8
Suppose -2*h + 0*h + 2*n = -36, n = -3*h + 34. Let w = -117 + -42. Let x = 208 + w. Calculate the remainder when x is divided by h.
10
Let j(u) = 21*u**2 - 1. Let w(y) = -y**3 + 4*y**2 + 54*y - 232. Calculate the remainder when j(-1) is divided by w(5).
7
Let b(h) = -7*h**3 + h. Let t be b(1). Let c be (t - -24) + (4 - 1). What is the remainder when ((-186)/c)/((-5)/35) is divided by 21?
20
Let o(a) = -2*a + 6. Let y = -61 + 47. What is the remainder when 132 is divided by o(y)?
30
Let k(m) = m**2 + 15*m + 7. Let n be k(-7). Let q = 112 + n. Calculate the remainder when q is divided by 13.
11
What is the remainder when 243 is divided by (2 - 1) + (-924)/(-33)?
11
What is the remainder when -1 + (90 - 12/(-3)) - 5 is divided by 6?
4
Suppose 3*d - 641 = 4*f + f, -2*d + 434 = -2*f. What is the remainder when d is divided by 112?
110
Let q = 78 + -73. Calculate the remainder when 152 is divided by q.
2
Let p = -7 + 10. Let g = p - -5. Calculate the remainder when (-2 - -11)/(6/20) is divided by g.
6
Suppose -9*h + 3*h = -2388. What is the remainder when h is divided by 25?
23
Let o = -552 + 578. Calculate the remainder when o is divided by 15.
11
Let v = -26 - -29. Suppose 0 = -v*w + l + 12, -3*l = -4*w - l + 16. Suppose -w*k - 50 = -9*k. What is the remainder when 39 is divided by k?
9
Suppose 3*f + f + 2*r = 14, -5*f - 3*r = -16. Let g = -48 - -148. Suppose -3*l + 103 = 4*y, -4*l + f*y = -27 - g. What is the remainder when l is divided by 18?
15
Let r be 5 - 4/((-8)/(-2)). Let u be (-4)/r - (-8 - 2). Calculate the remainder when 11 is divided by (-1 - 3)*u/(-12).
2
Let f = -538 - -583. What is the remainder when f is divided by 12?
9
Suppose 0 = -5*o + b + 33, 45 - 12 = 3*o - 5*b. What is the remainder when (-149 - 16)*o/(-10) is divided by 20?
19
Let n(y) = y**3 + y**2 + y + 7. Calculate the remainder when n(4) is divided by 31.
29
Suppose -5*n = 4*z + 246, -2*n - 4*z = -0*z + 108. Let v be 3*n/(-6)*1. Let y = 35 - v. What is the remainder when 35 is divided by y?
11
Suppose 247*i - 254*i + 1148 = 0. What is the remainder when i is divided by 85?
79
Suppose -4*k + 25*k = 126. Suppose -5*v = -5 - 5. What is the remainder when k is divided by v?
0
Suppose -3*c = c + 2*r - 22, -4*r - 12 = 0. Let w = 12 - c. Calculate the remainder when 12/(-6) + (14 - -1) is divided by w.
3
Let k = -105 - -69. Let v = k - -61. Calculate the remainder when v is divided by 13.
12
Let x be (-3)/6*(5 - 3 - 18). What is the remainder when 14 is divided by 1/(-4) - ((-74)/x - -4)?
4
Let q(l) = -28*l**3 - 2*l**2 - 2*l - 1. Calculate the remainder when q(-1) is divided by -14*((-455)/525 + (-2)/15).
13
Let h = -6 - -22. Suppose 12 = 5*n - 3*n. What is the remainder when 9/n*(-58)/(-3) is divided by h?
13
What is the remainder when 477 is divided by ((-2)/((-4)/3))/((-19)/(-190))?
12
Let f be (-17)/6 + (-5)/30 - -96. Suppose 4*y - f = -3*w, w + y = -w + 62. Calculate the remainder when 121 is divided by w.
28
Suppose -214 + 79 = -9*r. What is the remainder when r is divided by 12?
3
What is the remainder when 275 is divided by (-1)/(-5) + (-5264)/(-80)?
11
Suppose -4*u + 654 = 2. Suppose -5*h - 2*n + u = n, -3*h + 4*n = -92. What is the remainder when 127 is divided by h?
31
Let o be 8*3/6*2. Suppose -5*y - 10 = 0, -3*b - 3*y + o = -16. What is the remainder when b is divided by (-441)/(-153) + 4/34?
1
Calculate the remainder when 59 is divided by 90/4*(-54)/(-45) + 5.
27
Let p be -1 + -1 + (17 - 12). Suppose s + f + 3*f + 71 = 0, -p*s + 3*f - 153 = 0. What is the remainder when (-1770)/s - 2/11 is divided by 11?
10
Suppose -318 = -61*a + 55*a. Suppose 0 = v - 2, -5*x - 8 = -0*x + v. What is the remainder when a is divided by 15 + (1 - (-4)/x)?
11
Suppose -5*z + 38 = -67. Suppose 2*b + 2*o = z + 57, -3*o = 5*b - 187. What is the remainder when 138 is divided by b?
33
Let c(v) = v**2 - 7*v + 8. Let l be c(5). Calculate the remainder when (-1)/(l - 59/(-30)) is divided by 11.
8
Let y be (1/3)/(4/144). Suppose -7*g + y*g = -25. Calculate the remainder when (72/8)/((-1)/g) is divided by 16.
13
Suppose j - 36 = 27. Suppose 2*h - j = -5*l, 0 = -l - 0 - 3. Calculate the remainder when h is divided by 8.
7
Let a(f) = f**3 + 17*f**2 - 5*f + 5. Let y be a(-17). Suppose 7*m - 5*m = y. Calculate the remainder when (-8)/(-3) - (-15)/m is divided by 1.
0
Let j be (-266)/(-42) + (-2)/6. Suppose -j*l - 36 + 390 = 0. What is the remainder when l is divided by (10/(-1))/(2/(-4))?
19
Suppose 3*f - 18 = f. Suppose f*k - 90 - 153 = 0. What is the remainder when k is divided by 15?
12
Let d(p) = 17*p**3 + 2*p**2 + 2*p - 1. What is the remainder when d(1) is divided by 11?
9
Let d = 2 - -31. Let n = 16 + -38. Let w = -13 - n. Calculate the remainder when d is divided by w.
6
Calculate the remainder when 57 is divided by ((-16)/(-6))/((-104)/(-780)).
17
Let r(t) = -t**2 + 8*t + 9. Let m be r(9). Suppose m = -2*l + 4*l. Let j(c) = c**3 - c + 23. What is the remainder when 112 is divided by j(l)?
20
Let d(p) = -p**3 - 17*p**2 - 18*p + 241. Calculate the remainder when 155 is divided by d(-15).
33
Suppose 5*f = 4*n + 44, 2*f - 5*n - 45 = -3*f. Let j = 67 - 44. What is the remainder when j is divided by f?
7
Let w(a) = 22*a - 12. Calculate the remainder when 759 is divided by w(4).
75
Suppose g - 41 = 5*z, 4*z + 2*g + 28 = -2*g. Suppose 2*i - 43 - 23 = 0. Calculate the remainder when 126 - -1 - z/4 is divided by i.
30
Let y(o) = o**3 + 6*o**2 + 3*o + 1. Let r be y(-5). Suppose -k + s = 0, 0*s - 21 = -5*k - 2*s. Let q = r + k. What is the remainder when 54 is divided by q?
12
Let t = -597 - -974. What is the remainder when t is divided by 183?
11
What is the remainder when 702 is divided by (0 + -1)*(-1536)/48?
30
Suppose 31*s = -26*s + 798. Calculate the remainder when 232 is divided by s.
8
Let n(l) = -l**3 + 8*l**2 + 19*l - 26. Calculate the remainder when 319 is divided by n(9).
63
Let l = -665 - -1384. Calculate the remainder when l is divided by 48.
47
Let q(p) = -22*p - 10. What is the remainder when 118 is divided by q(-3)?
6
Calculate the remainder when 14 is divided by (-14)/(-70) - 18/(-10).
0
Suppose 2*j - 484 = -4*q, -25*j + 27*j - 121 = -q. What is the remainder when 456 is divided by q?
93
Suppose -6 = -9*r + 7*r. Calculate the remainder when (-1)/r + (-534)/(-9) is divided by 16.
11
Let t = 561 - 261. Calculate the remainder when t is divided by 32.
12
Let q be (-2)/(-3)*(-6)/4. Let m(r) = r**3 - 12*r**2 + 2*r - 11. What is the remainder when m(12) is divided by -1 - (-9 + (-1)/q)?
6
Let o(b) = -2*b - 40. Calculate the remainder when 219 is divided by o(-25).
9
What is the remainder when ((-2)/(-9)*906)/((-2)/(-3)) is divided by 147?
8
Let f be (216/15)/(2/155). Suppose 9*n = -0*n + f. Calculate the remainder when n is divided by 25.
24
Let o(z) = -2*z - 2 + 26*z + 1. Let m be (6/(-4))/((-1)/2). Calculate the remainder when o(m) is divided by 24.
23
What is the remainder when 166 is divided by 3720/160 - (-6)/8?
22
Suppose -4*h + 19 + 65 = 0. Suppose -4 = -h*b + 19*b. What is the remainder when 8 is divided by b?
0
Suppose 2*r - 3*r = -7. Let m(d) = -d**3 + 6*d**2 + 8*d + 5. Suppose 31*o - 3*o = 196. Calculate the remainder when m(r) 